 k. Let v = x - 8. What is the highest common divisor of v and 72?
9
Suppose -5 = -3*m + 4. Let t(s) = 2*s**2 + 0 - 1 + 2*s + 0*s. Let w be t(1). What is the greatest common divisor of m and w?
3
Let t(r) = r**2 + r + 8. Let y be t(-7). Suppose 6*k - k - y = -2*o, 5*o + 5*k = 125. What is the greatest common factor of 10 and o?
5
Let l(b) = -50*b + 3. Suppose 4*o = 2*r - 22, -3*o + 0*r = r + 4. Let a be l(o). Calculate the highest common factor of a and 17.
17
Suppose -10 + 42 = 4*s. Let z(b) = -b**3 + 8*b**2 - 5*b - 2. Let h be z(6). What is the greatest common divisor of s and h?
8
Let o(g) = 2*g**2 + g + 3. Let l be o(3). Calculate the highest common factor of 60 and l.
12
Suppose 99 = 8*k - 37. Calculate the greatest common divisor of k and 17.
17
Let h be 5/(4/8 + -1). Let y = h - -22. Calculate the greatest common divisor of y and 6.
6
Let s = 21 - -11. What is the highest common factor of s and 4?
4
Let n(o) = -2 + 0 - 8*o - o**3 + 15*o + 5*o**2. Let v be n(6). Suppose 24 = d - s, d - 4*d - v*s + 93 = 0. Calculate the greatest common divisor of 9 and d.
9
Let x(h) = 0*h + 4*h - 2*h - 3 + 6 + h**2. Let u be x(-3). Suppose 2*t = -t + u. What is the highest common divisor of t and 14?
2
Suppose 8*o = 5*o + 18. Suppose -o*q + 0*q = -108. Calculate the greatest common factor of q and 27.
9
Let o be (-4)/26 + (-948)/(-78). Calculate the greatest common factor of 96 and o.
12
Suppose i = -t + 9, 5*t - 12 = -37. Suppose -2 = 5*q - 87. Suppose 5*z + 11 = -2*h, -2*h + 2*z + q = -h. What is the greatest common divisor of i and h?
7
Let p(u) = 0 - 3*u**2 + u**3 - 3*u + 5*u - 2*u**2 + 1. Let i be p(5). Calculate the highest common divisor of 44 and i.
11
Let b = -19 - -22. Calculate the greatest common factor of b and 3.
3
Suppose -4*k = 3*o - 74, 108 = 3*k + 2*k - 4*o. Suppose 4*d - 2*d - 4 = 0. Suppose -d*w + 480 = w. What is the greatest common divisor of w and k?
20
Let c(h) = 5*h**3 - 1 + 92*h**3 - 2*h**2 - 6 + 8. Let w be c(1). Calculate the greatest common factor of w and 24.
24
Suppose -5*x = -4*i - 196, -5*i = 4*x - 9*x + 200. What is the greatest common factor of x and 72?
36
Let a(m) = -m**2 + 7*m + 6. Suppose -2*g - 3 + 15 = 0. Let c be a(g). Calculate the highest common divisor of 24 and c.
12
Suppose 25 + 17 = 14*u. What is the highest common divisor of 21 and u?
3
Let c(y) = 2*y**2 + 10*y + 6. Let b be c(-8). Suppose 6*g = 5*g + 6. Calculate the greatest common factor of g and b.
6
Let q be 1/(-3) + (-56)/12. Suppose 5*k - 82 = -2. Let y = q + k. Calculate the greatest common factor of 55 and y.
11
Let n(y) = 2*y**2 + 15*y - 9. Let a(j) = j**2 + 5*j - 3. Let w(p) = 8*a(p) - 3*n(p). Let m be w(-6). Calculate the highest common factor of 15 and m.
15
Suppose -5*v - 28 = 7. Let r(n) = -n**3 + 5*n**2 + 3*n + 2. Let f be r(-7). Let j be (-2)/7 - f/v. Calculate the greatest common factor of 9 and j.
9
Suppose -6 = -2*t - y, 3*y - 5 = -5*t + 8. Suppose 0 = -i + t*i + 4*f - 24, -4*i - f + 27 = 0. Calculate the highest common factor of i and 7.
7
Suppose 0*i - 24 = -4*i. Suppose -2*h + 5*v - 4*v = -99, 5*h + 3*v - 253 = 0. Let s = h + -20. What is the greatest common divisor of s and i?
6
Let j(m) = 0 + 26*m - 38*m + 3 + 3*m**2 - 2*m**2. Let f be j(12). What is the highest common factor of 24 and f?
3
Let m be (-8)/((-40)/27) + (-6)/(-10). Calculate the greatest common factor of 6 and m.
6
Let l(j) = 2*j + 12. Let r be l(7). Calculate the highest common divisor of 78 and r.
26
Let c(p) = p**2 + 5*p + 4. Let t be c(-8). Let k be (12 + 0)*(-3)/(-18)*2. What is the greatest common factor of t and k?
4
Let o be (-2 - 0)/(4/(-262)). Let j = -77 + o. What is the highest common factor of j and 6?
6
Let u(i) = 5*i. Let g be u(1). Let s = g + 3. Let z be 1170/21 + (-4)/(-14). Calculate the highest common factor of s and z.
8
Suppose 2*p = -p + 108. Calculate the greatest common divisor of p and 4.
4
Suppose 3*m - 355 = -3*u + 89, m - 2*u - 154 = 0. What is the greatest common divisor of 30 and m?
30
Let i(v) = -v**3 - 7*v**2 + 5*v + 5. Let l be i(-7). Let g be (-1 - -2)/(5/l). Let a = 16 + g. Calculate the greatest common divisor of 5 and a.
5
Let i be -2 - (-5 + -2 + 0). Suppose 0 = -2*k + i*k - 135. Calculate the highest common divisor of k and 30.
15
Suppose -4*x + 7 + 125 = 0. What is the greatest common factor of x and 99?
33
Let i(w) = -w**3 + 5*w**2 + 6*w + 3. Let k be i(5). Let g be 2*-22*1/(-4). Calculate the highest common divisor of g and k.
11
Let z = 2 - -22. What is the greatest common factor of z and 60?
12
Let m = -58 + 234. Calculate the highest common factor of 16 and m.
16
Let r = 80 + -52. What is the greatest common factor of r and 70?
14
Suppose -3*f + 40 = -5. Suppose -5*i = -5*c - 16 - 19, -4*i = -3*c - 27. Let d be 3/(-2*i/(-20)). What is the highest common factor of f and d?
5
Suppose -37 = 2*d - l, -2*d = -3*d + 3*l - 6. Let m = d + 57. Let i = -6 - -18. Calculate the greatest common divisor of i and m.
12
Suppose 3*y - 6*y = -126. Let m(w) = w - 4. Let g be m(-4). Let b be g/(-6)*9/2. Calculate the greatest common factor of b and y.
6
Let a = -84 - -117. What is the greatest common divisor of 297 and a?
33
Let h(n) = n**3 + 10*n**2 - 3*n - 13. Let j be h(-9). Let u = -41 - -79. What is the highest common factor of j and u?
19
Let g(q) = q**2 + q. Let x be g(-1). Suppose -3*i + 5 + 16 = x. What is the highest common divisor of 56 and i?
7
Suppose -3*d + 5*l = d - 201, -4*d + 4*l + 204 = 0. Calculate the greatest common factor of 6 and d.
6
Let w(v) = 2*v**2 - 6*v + 4. Let z be w(4). Let s(b) = 11*b**2 - 3*b. Suppose y = -5 + 2. Let c be s(y). Calculate the highest common divisor of z and c.
12
Let t(l) = 81*l - 4. Let v(d) = d. Let r(o) = t(o) - 2*v(o). Let w be r(2). What is the highest common divisor of w and 14?
14
Suppose -13*x = -21*x + 200. Calculate the highest common divisor of x and 35.
5
Let q(b) = -2*b**3 - 3*b**2 - 4*b - 3. Let v be q(-2). Suppose -2*u - v = u. Let n = 36 + u. What is the greatest common factor of n and 3?
3
Let y be -6 + 0 - (-1)/(-1). Let b = y - -63. Calculate the greatest common factor of 84 and b.
28
Suppose 3*l + 0*l = 9. Suppose l*w + 6 = 54. Let x = 37 + -13. Calculate the highest common factor of w and x.
8
Let g(v) = -v**2 + 6*v + 4. Let z be g(7). Let q(u) = 9*u**2 + 5*u + 4. Let n be q(z). What is the highest common divisor of n and 10?
10
Let w(b) = -4*b**2 + 2*b**3 + 6 - b + 0*b**2 - b**3. Let p be w(5). Suppose 2*a - 34 - p = 0. Calculate the greatest common factor of a and 75.
15
Let g = -8 - -15. Suppose -g = -3*f - 4. Let n = f - -19. What is the highest common factor of n and 10?
10
Suppose 8*b - 205 = -29. Suppose 24 = 2*v - 42. What is the greatest common factor of v and b?
11
Let s(c) = -9*c**3 - 4*c**2 - 6*c - 3. Let p be s(-2). Suppose -d - 2*u + 22 = 0, 4*u - 1 = -d + 17. Calculate the highest common factor of p and d.
13
Let d = -18 + 30. Let q(r) = -r**2 - r + 5. Let l be q(-4). Let h(p) = p**3 + 7*p**2 - 3*p - 9. Let n be h(l). Calculate the greatest common divisor of n and d.
12
Let f(a) = -a**3 - 12*a**2 - 7*a - 18. Let o be f(-12). Calculate the greatest common factor of 33 and o.
33
Suppose 4*a + a = 15. Suppose -4*l - 17 = -h, -a*h = -h + 4*l + 14. What is the greatest common factor of 11 and h?
1
Let u be 7 + -2 + -3 + 2. Let g(v) = 4*v + 6 + v - u*v. Let r be g(0). Calculate the greatest common factor of r and 6.
6
Suppose -o - 1 = -2. Suppose 2*g = 53 - o. What is the highest common divisor of g and 39?
13
Let n = 32 + -14. Let v be 1*-1*-7 + -1. What is the greatest common factor of v and n?
6
Suppose -2*b = -u - 4 + 8, 0 = 5*b + u + 3. Let v be ((-16)/12)/(b/18). What is the highest common divisor of v and 72?
24
Let l(i) = i**3 - 4*i**2 + 2*i - 3. Let t be l(5). What is the greatest common divisor of 16 and t?
16
Let i = 94 - 89. Calculate the greatest common factor of i and 10.
5
Let h = 11 - 6. Suppose h*s - 65 = -0*s. What is the highest common factor of s and 65?
13
Let d = -17 - -44. Let l be (-2)/(-1) - (-1 + 3). Let i be d/(-6)*(l - 6). Calculate the highest common divisor of i and 9.
9
Let t be ((-27)/(-6))/(1/6). What is the greatest common factor of 9 and t?
9
Let b be (-42)/(-3) + 1/1. Let g = 36 - b. What is the greatest common factor of 105 